75 is divided by 20?
15
Calculate the remainder when 4157 is divided by 21.
20
Calculate the remainder when 65 is divided by 36.
29
Calculate the remainder when 643 is divided by 139.
87
Calculate the remainder when 623 is divided by 19.
15
Calculate the remainder when 35 is divided by 22.
13
What is the remainder when 636 is divided by 170?
126
Calculate the remainder when 512 is divided by 49.
22
What is the remainder when 43 is divided by 38?
5
Calculate the remainder when 827 is divided by 18.
17
Calculate the remainder when 1417 is divided by 154.
31
What is the remainder when 4645 is divided by 150?
145
Calculate the remainder when 81 is divided by 30.
21
What is the remainder when 348 is divided by 51?
42
Calculate the remainder when 5126 is divided by 38.
34
What is the remainder when 591 is divided by 27?
24
Calculate the remainder when 14 is divided by 13.
1
What is the remainder when 365 is divided by 74?
69
Calculate the remainder when 753 is divided by 34.
5
Calculate the remainder when 4591 is divided by 41.
40
Calculate the remainder when 573 is divided by 350.
223
Calculate the remainder when 282 is divided by 99.
84
Calculate the remainder when 101 is divided by 4.
1
Calculate the remainder when 420 is divided by 85.
80
What is the remainder when 598 is divided by 20?
18
Calculate the remainder when 11 is divided by 2.
1
What is the remainder when 77 is divided by 38?
1
What is the remainder when 117 is divided by 26?
13
Calculate the remainder when 374 is divided by 29.
26
What is the remainder when 293 is divided by 61?
49
Calculate the remainder when 131 is divided by 32.
3
What is the remainder when 16211 is divided by 31?
29
What is the remainder when 565 is divided by 528?
37
What is the remainder when 182 is divided by 16?
6
Calculate the remainder when 1561 is divided by 68.
65
What is the remainder when 225 is divided by 134?
91
What is the remainder when 263 is divided by 44?
43
What is the remainder when 401 is divided by 54?
23
Calculate the remainder when 75 is divided by 7.
5
Calculate the remainder when 998 is divided by 50.
48
Calculate the remainder when 149 is divided by 26.
19
Calculate the remainder when 74 is divided by 7.
4
Calculate the remainder when 2948 is divided by 1471.
6
Calculate the remainder when 179 is divided by 13.
10
Calculate the remainder when 170 is divided by 38.
18
What is the remainder when 180 is divided by 39?
24
Calculate the remainder when 429 is divided by 16.
13
Calculate the remainder when 254 is divided by 132.
122
Calculate the remainder when 202 is divided by 71.
60
Calculate the remainder when 949 is divided by 95.
94
What is the remainder when 94 is divided by 33?
28
Calculate the remainder when 98 is divided by 21.
14
What is the remainder when 1467 is divided by 6?
3
Calculate the remainder when 329 is divided by 11.
10
What is the remainder when 10 is divided by 3?
1
What is the remainder when 203 is divided by 23?
19
What is the remainder when 16 is divided by 4?
0
Calculate the remainder when 3236 is divided by 644.
16
What is the remainder when 179 is divided by 67?
45
What is the remainder when 898 is divided by 12?
10
Calculate the remainder when 3063 is divided by 437.
4
What is the remainder when 1060 is divided by 9?
7
What is the remainder when 1421 is divided by 4?
1
What is the remainder when 525 is divided by 53?
48
Calculate the remainder when 393 is divided by 12.
9
Calculate the remainder when 183 is divided by 97.
86
What is the remainder when 130 is divided by 25?
5
What is the remainder when 503 is divided by 14?
13
What is the remainder when 1062 is divided by 81?
9
What is the remainder when 1415 is divided by 17?
4
Calculate the remainder when 2137 is divided by 1062.
13
Calculate the remainder when 18626 is divided by 10.
6
What is the remainder when 123 is divided by 42?
39
What is the remainder when 91 is divided by 37?
17
Calculate the remainder when 50 is divided by 17.
16
Calculate the remainder when 2049 is divided by 24.
9
What is the remainder when 882 is divided by 304?
274
What is the remainder when 420 is divided by 25?
20
Calculate the remainder when 46 is divided by 10.
6
What is the remainder when 1888 is divided by 1867?
21
What is the remainder when 1401 is divided by 36?
33
What is the remainder when 8118 is divided by 145?
143
Calculate the remainder when 347 is divided by 88.
83
What is the remainder when 2697 is divided by 71?
70
Calculate the remainder when 69 is divided by 14.
13
Calculate the remainder when 60 is divided by 26.
8
What is the remainder when 186 is divided by 95?
91
What is the remainder when 353 is divided by 26?
15
Calculate the remainder when 361 is divided by 91.
88
What is the remainder when 613 is divided by 156?
145
What is the remainder when 189 is divided by 79?
31
Calculate the remainder when 4873 is divided by 6.
1
What is the remainder when 12471 is divided by 9?
6
Calculate the remainder when 49 is divided by 10.
9
What is the remainder when 423 is divided by 85?
83
What is the remainder when 113 is divided by 53?
7
What is the remainder when 5039 is divided by 84?
83
What is the remainder when 488 is divided by 17?
12
What is the remainder when 202 is divided by 12?
10
Calculate the remainder when 839 is divided by 602.
237
Calculate the remainder when 368 is divided by 219.
149
Calculate the remainder when 7902 is divided by 104.
102
What is the remainder when 113 is divided by 13?
9
Calculate the remainder when 2570 is divided by 184.
178
What is the remainder when 83 is divided by 80?
3
Calculate the remainder when 221 is divided by 25.
21
What is the remainder when 800 is divided by 226?
122
Calculate the remainder when 1458 is divided by 55.
28
Calculate the remainder when 226 is divided by 53.
14
What is the remainder when 107 is divided by 13?
3
Calculate the remainder when 2219 is divided by 15.
14
What is the remainder when 173 is divided by 58?
57
What is the remainder when 196 is divided by 57?
25
Calculate the remainder when 531 is divided by 139.
114
What is the remainder when 418 is divided by 6?
4
Calculate the remainder when 51 is divided by 13.
12
Calculate the remainder when 2208 is divided by 82.
76
What is the remainder when 4116 is divided by 1363?
27
Calculate the remainder when 215 is divided by 55.
50
What is the remainder when 17521 is divided by 59?
57
What is the remainder when 304 is divided by 7?
3
What is the remainder when 269 is divided by 62?
21
What is the remainder when 199 is divided by 12?
7
What is the remainder when 249 is divided by 56?
25
What is the remainder when 98 is divided by 94?
4
Calculate the remainder when 2044 is divided by 33.
31
What is the remainder when 634 is divided by 5?
4
Calculate the remainder when 573 is divided by 72.
69
What is the remainder when 231 is divided by 47?
43
Calculate the remainder when 239 is divided by 107.
25
What is the remainder when 307 is divided by 173?
134
What is the remainder when 158 is divided by 68?
22
What is the remainder when 3429 is divided by 14?
13
What is the remainder when 1204 is divided by 17?
14
Calculate the remainder when 557 is divided by 3.
2
Calculate the remainder when 396 is divided by 116.
48
Calculate the remainder when 677 is divided by 117.
92
What is the remainder when 5311 is divided by 83?
82
Calculate the remainder when 686 is divided by 50.
36
Calculate the remainder when 2265 is divided by 73.
2
What is the remainder when 74 is divided by 38?
36
What is the remainder when 61 is divided by 3?
1
What is the remainder when 50 is divided by 33?
17
Calculate the remainder when 93 is divided by 71.
22
What is the remainder when 768 is divided by 22?
20
What is the remainder when 261 is divided by 12?
9
Calculate the remainder when 195 is divided by 68.
59
Calculate the remainder when 1023 is divided by 27.
24
What is the remainder when 150 is divided by 48?
6
What is the remainder when 1905 is divided by 83?
79
Calculate the remainder when 431 is divided by 23.
17
What is the remainder when 19 is divided by 11?
8
Calculate the remainder when 54 is divided by 33.
21
What is the remainder when 785 is divided by 31?
10
What is the remainder when 4112 is divided by 11?
9
What is the r